6*v - 70, 0 = -4*a - 4*v + 92. What is the remainder when d is divided by a?
16
Let x(p) = -7*p + 5. Let s(b) = -8*b + 4. Let a(v) = -6*s(v) + 5*x(v). Let i = 3 + -2. Calculate the remainder when 27 is divided by a(i).
13
Suppose -4*z + 469 + 283 = 0. What is the remainder when z is divided by 48?
44
Suppose 7 = -3*r + 1. Calculate the remainder when r*3/6 - -29 is divided by 6.
4
Let b(d) = d + 2. Suppose 2*p + 17 = 2*u + p, 3 = 3*p. What is the remainder when 41 is divided by b(u)?
8
Let q(g) = -g**3 + 7*g**2 - 6*g + 2. Let n be q(4). Suppose -3*r = -49 - n. What is the remainder when r is divided by 9?
7
Let q(x) = x**2 + 5*x + 3. Let v be q(-4). What is the remainder when (v + 0)*-1 + 10 is divided by 12/(-5)*10/(-4)?
5
What is the remainder when 13 is divided by -4 + 0/(-2) + 12?
5
Let t(r) be the third derivative of -r**4/8 - r**3/6 + 2*r**2. Let u be t(-1). Suppose -s = -u*s + 34. Calculate the remainder when s is divided by 12.
10
Let k(d) = -2*d - 8. Let p be k(-6). Suppose -24 = -p*z + 16. Calculate the remainder when 19 is divided by z.
9
What is the remainder when ((-49)/(-2) + 4)*8/3 is divided by 20?
16
Let b = -12 - -11. What is the remainder when 20 is divided by b*(0 - -3) - -10?
6
Let x be (-1)/(3 - 2)*-3. Suppose c - 14 = x. Calculate the remainder when c is divided by 6.
5
Let u = -11 - -16. Let t(q) = -q + 6. What is the remainder when 3 is divided by t(u)?
0
What is the remainder when (-28)/3*66/(-8) is divided by 16?
13
Let v = 8 + -2. Let j(q) = 15*q**2 + 13*q - q**3 - 5*q**2 - 6 - 5. What is the remainder when j(11) is divided by v?
5
Let z = 3 - -5. Suppose -3*o + h + 11 = 0, -o + h = 2*h - 1. Calculate the remainder when z is divided by o.
2
Suppose 0 = -8*k + 105 + 71. Calculate the remainder when (4/(-16))/((-1)/436) is divided by k.
21
Suppose 4*o + 5*f - 55 + 3 = 0, 2*o = -5*f + 26. What is the remainder when o is divided by 4?
1
Suppose 3*b - b - 14 = -4*g, 3*g - 6 = 0. What is the remainder when 50 - 0/((-6)/b) is divided by 17?
16
Calculate the remainder when 6/2 - (-65)/1 is divided by (-255)/(-11) - 4/22.
22
Suppose -5*v = -2*r + 6*r + 29, 10 = -2*v. What is the remainder when (1/r)/(4/(-20)) is divided by 3?
2
Suppose -4*r - 36 = -2*v, v - 26 = 5*r + 1. Let j = -2 + v. What is the remainder when 134/5 + 3/15 is divided by j?
7
Suppose 3*j - 15 = -3. Let v = 102 - 92. What is the remainder when v is divided by j?
2
What is the remainder when 54 - (-3 - -7 - 6) is divided by 19?
18
Suppose -5*k = 2*t - 41, -3*k = 2*k - 5*t - 55. Suppose -2*a = -5*c - 87 + 19, -2*c - 104 = -4*a. What is the remainder when a is divided by k?
6
Let q(x) = x**2 - 11*x - 3. What is the remainder when q(14) is divided by 8?
7
Let o(j) = -j**2 + 8*j + 16. What is the remainder when 13 is divided by o(9)?
6
Suppose -3*r - 4*u + 27 = 0, 0 = r + r - 2*u - 4. What is the remainder when 18 is divided by r?
3
Suppose 4*d + t = 58, -38 = -2*d - d + 2*t. What is the remainder when d is divided by 1 - 2/(-4)*6?
2
Suppose -4*d = -0*d + 4*f + 364, 4*d = -3*f - 360. Calculate the remainder when (-2)/4 - d/2 is divided by 23.
20
Let t(k) = -k**3 - 3*k**2 - 6*k - 4. What is the remainder when t(-4) is divided by 21?
15
Let i be ((-1)/2)/(1/6). Let z be (2*i + 1)/(-1). What is the remainder when 2 is divided by (-24)/(-15) - (-2)/z?
0
Let c = 24 - 14. Calculate the remainder when 29 is divided by c.
9
Suppose 9*d - 5*i = 4*d - 480, -5*i = d + 90. Let n = -56 - d. What is the remainder when n is divided by (8 - -2) + (7 - 3)?
11
Calculate the remainder when 83 is divided by (12/20)/((-1)/(-35)).
20
Suppose 0 = 3*n + 2*n + 10. What is the remainder when 37 is divided by (n/(-6))/((-5)/(-195))?
11
Let u = -39 - -65. Suppose -3*w - 62 = -4*s - 10, w + u = 2*s. What is the remainder when 51 is divided by s?
12
Let o = -18 - -28. Let d(n) = -7*n + 9. Calculate the remainder when d(-4) is divided by o.
7
Suppose -5*i = -6 - 204. Suppose -d = 2*d - i. Let y(o) = o**3 - 7*o**2 - o - 2. What is the remainder when y(8) is divided by d?
12
Let u(v) = v + 2. Let m be u(-2). Suppose m = 5*w - w - 20. Let f(s) = s**3 - 4*s**2 - 3*s. What is the remainder when f(w) is divided by 6?
4
Suppose h - 6*h - 5*r - 10 = 0, -r - 4 = 0. Suppose -4*p + 53 = 3*w, 5*w - w + 4*p = 76. What is the remainder when w is divided by -1 - (-2)/(h/7)?
5
Let m = 115 + -7. Suppose 2*g + n = 3*g - 35, -4*n = -3*g + m. Calculate the remainder when g is divided by 11.
10
Let s = -41 - -60. What is the remainder when s is divided by 7?
5
Let u(j) = -12*j. What is the remainder when 59 is divided by u(-1)?
11
Let z be 46 + 2 - (-1 + 0). Let f = z - 35. Calculate the remainder when f is divided by (-5)/(-2)*(3 - 1).
4
Let n = 17 - 12. Suppose n*o - 20 = 45. Suppose -7 + 26 = 3*b + 4*s, -11 = -2*b - s. Calculate the remainder when o is divided by b.
3
Let b(f) = 2*f**2 - 3*f + 5. What is the remainder when 40 is divided by b(2)?
5
Suppose 5*g - 106 = 69. Let k(n) = n**3 - n**2 - n + 3. What is the remainder when g is divided by k(3)?
17
Let h(i) = -7 + 5*i**2 + 4*i**2 + i**3 - i - 4*i**2. Let d be h(-5). What is the remainder when 10 is divided by 2 + d*(2 - 3)?
2
Let g be (2 + -120)/(2/(-3)). Let x = g + -122. Calculate the remainder when x is divided by 29.
26
Suppose 2*t - t - 5 = 0. Suppose 2 = -h + t. Suppose -h*b = -17 - 85. What is the remainder when b is divided by 12?
10
Let j(p) = p. Let g be j(0). Let k = g - -3. Calculate the remainder when 2/7 - (-52)/14 is divided by k.
1
Suppose 2*x = 5*u + 23, -16 = -x + 3*u + u. Suppose 0 - 56 = -x*j. Suppose 0 = 5*l - 7*l + 16. What is the remainder when j is divided by l?
6
Let m = -24 + 30. What is the remainder when 20 is divided by m?
2
Suppose 3*r = 15 + 12. Let v = -5 + r. Suppose 2*k = v*n - 34, -7*k = 2*n - 2*k - 47. What is the remainder when 21 is divided by n?
10
Suppose -4 = -5*p + 16. Calculate the remainder when 33/(12/p) + 3 is divided by (3 - 1)*5/2.
4
Suppose 2*k = -4*b + 54, 2*k - 43 = 5*b + 11. What is the remainder when 52 is divided by k?
25
Let h = -1 - -29. What is the remainder when 105 is divided by h?
21
Suppose 2*r = -n + 6*n - 300, n - 2*r - 52 = 0. Calculate the remainder when n is divided by 16.
14
Suppose i = -i + 40. Suppose o = -4*o + i. Let c = 5 + -3. What is the remainder when o is divided by c?
0
Let g = -8 - -18. Suppose 5*k - 2*h - 32 = 0, 7 = 2*k - 2*h - 7. Calculate the remainder when g is divided by k.
4
Let m be -12 + 3 + 0/1. Let c = m - -21. What is the remainder when (31 - 1)/((-4)/(-6)) is divided by c?
9
Suppose 0 = 5*t - 7*t + 20. Calculate the remainder when 38 is divided by t.
8
Suppose -2*y - 1 = -17. What is the remainder when 278/y + (-4)/(-16) is divided by 12?
11
Calculate the remainder when 3/12 - (-489)/12 is divided by 15.
11
Suppose 4*o = -2*r + 8, 0 = o - 0*o - 3*r + 5. Suppose -t - 1 = o, -l + 2*t = -8. Calculate the remainder when l is divided by 2.
0
Suppose -h + 66 = 3*a - 8*a, -5*h + 3*a = -220. Suppose 0 = 4*g + h + 95. Let n = g + 48. Calculate the remainder when n is divided by 5.
4
Suppose -21 = 3*n + 3*f, -n = 2*n - 4*f. Let h(p) = -p**2 - 5*p + 2. Let t = 24 + -7. What is the remainder when t is divided by h(n)?
5
Suppose 2*r - 15 = 13. What is the remainder when 39 is divided by r?
11
Let n(l) = l**2 - 4. Let v be n(0). Suppose -2*z - 7 = -83. What is the remainder when z is divided by -2 - (-11 + 16/v)?
12
Suppose 3*d - 21 = -t, -5*t + 183 = 2*d + 13. What is the remainder when t is divided by 20?
16
Let q be -2 + (2 - -45)*1. Suppose 5*j = q - 0. Let z(m) = m**3 - 6*m**2 - 5*m + 3. What is the remainder when z(7) is divided by j?
8
Suppose -9 = -4*x - s, 5*x + 0*s = 3*s - 10. Calculate the remainder when x is divided by 1.
0
Let q(h) = -4*h**3 - 9*h**2 - 14*h - 11. Calculate the remainder when q(-5) is divided by 48.
46
Suppose -192 = -18*u + 15*u. Let r = 14 + u. Calculate the remainder when r is divided by 20.
18
Let i(o) = 2*o + 35. Calculate the remainder when i(5) is divided by 26.
19
Let x(o) = 0 + 2 - 4 - 1 - 5*o. Suppose -n = d, d - 9 = -2*d. What is the remainder when x(n) is divided by 7?
5
Let m(s) = s + 16. What is the remainder when 32 is divided by m(-5)?
10
Let w(k) = -k**2 + k. Suppose -2*i = 2*i. Let b be w(i). Let q = 10 + b. Calculate the remain